t(r). What is the units digit of w(1)?
1
Let c(z) = -z**3 + 4*z**2 - 2*z + 1. Let m be c(3). Let f(r) = r**3 + 5*r**2 - 11*r - 4. What is the tens digit of f(m)?
9
Let i(o) = 16*o - 76. Let a be i(5). Suppose 0 = a*t - 2944 - 1236. What is the hundreds digit of t?
0
Suppose -3*p - p = 712. Let o = 1095 - 718. Let f = p + o. What is the units digit of f?
9
Let y = -532 - -566. What is the units digit of 3*y - -2 - (-27 - -32)?
9
Let l(w) = w**3 + 4*w**2 + 5. Suppose 0 = 3*x + c - 9 + 24, c + 23 = -5*x. Let t be l(x). Suppose -3*r + t + 70 = 0. What is the units digit of r?
5
Let h = -231 - -233. Suppose 4*j - 31 = -f + 6*j, 0 = -j - h. What is the units digit of f?
7
Let o(t) = t**2 + 36*t - 266. Let b(g) = -3*g**2 + 3*g + 23. Let w be b(0). What is the hundreds digit of o(w)?
0
Suppose 762*n - 745*n - 340731 = 0. What is the units digit of n?
3
Suppose 2*c = 854 + 4094. Suppose 0 = -34*u + 6282 - c. What is the tens digit of u?
1
Suppose j - g - 5922 = 0, 3*g = -85 + 91. What is the units digit of j?
4
Let q(h) = 2*h**2 - 27*h + 7. Let g(y) = -y**2 + 14*y - 3. Let s(f) = -5*g(f) - 3*q(f). Let z be 27/18*-4 + 11. What is the units digit of s(z)?
4
Let f(u) = -2*u**3 - 20*u**2 - 6*u - 167. What is the units digit of f(-25)?
3
Suppose -2*u = 2*y - 4, u - 7 = 2*y - 26. Suppose -b = -y*b + 1920. What is the tens digit of b?
2
Suppose -74*j + 85*j + 6006 = 0. Let c = -237 - j. What is the units digit of c?
9
Let t(y) = 43*y**3 + 2*y**2 + y + 10006. What is the tens digit of t(0)?
0
Suppose -3*y = -5*y - 256. Let s(i) = 32*i**2 - 47*i - 137. Let u be s(-3). Let k = u + y. What is the hundreds digit of k?
1
Let b(a) = a**3 + 3*a**2. Let o be b(-2). Let v(l) = 27*l**2 - 3*l + 6. What is the tens digit of v(o)?
2
Let j be (8/2)/(-4 + 14/4). Let m(n) = 4*n**2 - 9*n - 1. Let z be m(j). Suppose -6*x - z = -9*x. What is the tens digit of x?
0
Let x(s) be the second derivative of s**5/20 - 3*s**4/4 + s**3/6 - 11*s**2/2 - 8*s. Let d be x(9). What is the units digit of 4/((-2)/d - 325/338)?
4
Let x(a) = -a**3 - 30*a**2 - 60. Let i be x(-32). Let g = i + -1019. What is the hundreds digit of g?
9
Suppose 129086 - 424905 - 757701 = -40*w. What is the units digit of w?
8
What is the hundreds digit of 4/(64/1014612) - (-126)/(-504)?
4
Let b(g) = g**3 - 9*g**2 - 16*g - 14. Let w be b(14). Let i = w - 322. What is the tens digit of i?
2
Let q be 2/(-2 - 5/(-2)) - 40. Suppose 268 - 63 = -5*r. Let s = q - r. What is the units digit of s?
5
Let z(r) = 17*r**2 + 52*r + 212. What is the thousands digit of z(-14)?
2
Suppose 0 = 10*c - 22*c + 8436. Suppose 4*u - 700 = -f, -25*u + c = f - 22*u. What is the tens digit of f?
1
Suppose -7*i = x - 2*i + 3, -97 = -5*x + 3*i. Suppose -15*t = x*t - 7808. What is the tens digit of t?
4
Let i = 98 - -1013. Let d = 1563 - i. What is the units digit of d?
2
Let t(s) = 345*s**2 + 335*s + 1701. What is the tens digit of t(-5)?
5
Let n(q) be the first derivative of 19*q**3/3 - 2*q**2 + 3*q + 18. Let l = -17 - -18. What is the units digit of n(l)?
8
Let x(b) = 2*b**2 + 4*b - 3639. What is the thousands digit of x(136)?
3
Suppose 2*j - 2807 = -3*w, 24*j - 22*j = -5*w + 2817. What is the hundreds digit of j?
3
Suppose 14*q + 35686 - 177254 = 0. What is the tens digit of q?
1
Suppose -3*o + 22 + 8 = 0. Suppose 8 = -o*u + 6*u. What is the units digit of u/(4/(-54)) - (35 + -32)?
4
Let u = -44 + 59. Let w = u - -3. Suppose -w = -o + 105. What is the tens digit of o?
2
Let u(d) = 45*d**2 + 18*d + 15. Let z be u(-6). Suppose 73*k - z = 70*k. What is the units digit of k?
9
Suppose 3308 - 646 = 22*p. What is the hundreds digit of p?
1
Let z(s) = 32*s - 23. Let i be z(1). Let v(r) = 8*r**2 + 2*r + 13. What is the tens digit of v(i)?
7
Let o(d) = 11*d + 5. Let m(a) = -12*a - 5. Let g(k) = 5*m(k) + 4*o(k). Let w be g(-5). Suppose -i + 143 = -x, 4*x = 3*i - 358 - w. What is the tens digit of i?
3
Let j(u) = 4*u**2 + 24*u - 46. Let o be j(-7). What is the hundreds digit of (-3 - -842) + 10 + o?
8
Let t = 1852 - 1849. Let b(g) be the first derivative of 6*g**2 + 16*g + 1. What is the tens digit of b(t)?
5
Let k(m) = m**2 + 6*m + 11. Let h be k(-3). Suppose 0*i = h*i - 674. Let t = i + -234. What is the hundreds digit of t?
1
Let l be 4*21/(-28) + 1953. Suppose -4*i + 1965 = -6*q + 9*q, -i = -3*q + l. What is the units digit of q?
1
What is the units digit of 1/((-6)/(-62)*90/61290)?
7
Suppose 323688 - 52632 = 16*b. What is the thousands digit of b?
6
Suppose -4*m + 18 = -5*j, 2*m + j = m + 9. Suppose 0 = -i + 6 - m. What is the tens digit of (-2 + 3)/1 - (-139 + i)?
4
Let f(y) = -y**3 + 10*y**2 + 30*y + 49. What is the hundreds digit of f(-12)?
8
Let t = 45682 + -32527. What is the thousands digit of t?
3
Let r be (-1 - (-1 - 1)) + 248. Suppose 0 = -243*k + r*k - 2412. What is the hundreds digit of k?
4
Let w(a) = 41*a**3 + 3*a**2 - 6*a + 14. Let z be w(5). Suppose -37*c + z = -10*c. What is the tens digit of c?
9
Let w be ((-10)/(-3))/((-32)/48). Let i = -198 + 291. Let z = i - w. What is the tens digit of z?
9
Suppose -17*q = 44*q - 17*q - 2671152. What is the hundreds digit of q?
7
What is the thousands digit of (1530/(-8))/((-768)/34816)?
8
What is the tens digit of ((-644)/56)/(-23)*1*37804?
0
Suppose 3*x - 125890 = -4*f, -f + 31471 = 4*x - 3*x. What is the units digit of f?
7
Suppose 103*k = 105*k + 270. What is the units digit of (0 - 1) + 4*(-2 - k)?
1
Let x = -313 - -310. What is the units digit of -2 - (33 - x)*-3?
6
Let g(d) be the third derivative of 0*d**4 - 1/60*d**5 - 21*d**2 + 0*d + 2/15*d**6 + 0 - 5/6*d**3. What is the units digit of g(2)?
9
Let k = 526 + -62. Let i = 869 - k. What is the hundreds digit of i?
4
Let b(m) = -9 - 5 - 1 + 5 - 2*m. Let a be b(-6). Suppose 576 = 5*y - y + 4*q, 2*y - a*q = 292. What is the tens digit of y?
4
Let t(o) = -o**3 + 50*o**2 + 68*o + 61. What is the thousands digit of t(49)?
5
Let a(r) = 6*r + 24. Let w be a(-6). What is the tens digit of 835*((-9)/(-60) + (-3)/w)?
3
Let x = 42 + -454. Let r = -283 - x. What is the hundreds digit of r?
1
What is the thousands digit of ((-2277)/2)/((-501)/668*(-4)/(-18))?
6
Let y(s) = 5*s**3 + 9*s**3 + 22*s - 37 - 16*s**2 - 15*s**3. Let v be y(-18). Suppose m - a = v, -m - 8*a + 11*a = -211. What is the hundreds digit of m?
2
Let x(i) = -13*i**2 - 8*i + 3. Let s be x(-5). Let u = 1248 + s. What is the tens digit of u?
6
Suppose -3*b + 33*n - 28*n + 115 = 0, -3*n + 43 = b. What is the units digit of b?
0
Suppose -54*j - 3*d = -59*j + 390368, -156158 = -2*j + 3*d. What is the ten thousands digit of j?
7
Let s = -79556 + 149759. What is the hundreds digit of s?
2
Suppose 21920 = 5*g - d, -3*d = 2*g - 7*d - 8786. Suppose -11772 - g = -9*z. What is the thousands digit of z?
1
Let o(d) = 5*d**3 + 9*d**2 + 18*d - 29. Let b(c) = -c**3 + c**2 - 2*c - 1. Let h(i) = 4*b(i) + o(i). What is the units digit of h(-10)?
7
Let j = -346 - -350. What is the tens digit of 1/1 + (j - -133)?
3
Suppose -2334 = 15*y - 174. Let q = 332 + y. What is the hundreds digit of q?
1
Let c be ((-84)/126)/(4/(-42)). What is the units digit of (-15)/(-3) - c/((-49)/1932)?
1
Let n(g) = 1480*g**2 + 595*g - 1780. What is the thousands digit of n(3)?
3
Suppose 62223 = 5*j + v, 277*v - 272*v + 10 = 0. What is the hundreds digit of j?
4
Suppose 0 = -9*y + 4*y + 60. Suppose 0 = -6*g + y*g - 6198. What is the units digit of g?
3
Suppose -4*a + 264 = 2*y, 6*y - y + 3*a = 632. Suppose 3*f + 10 = -2, -2*f + y = -2*j. What is the units digit of (4/(-4))/(3/j - 0)?
2
Suppose 24*o = -5*w + 23*o + 44949, -4*o - 17984 = -2*w. What is the hundreds digit of w?
9
Let q(w) = w**2 - 4*w + 8. Let s be q(0). What is the tens digit of 2/(-16) + 1857/s?
3
Suppose 4*h + 16 = 3*w, 5*h + 10 = w - 10. Suppose 5*c + 295 - 1760 = w. What is the hundreds digit of c?
2
Let v(k) = 127*k**2 + 263*k + 23. What is the thousands digit of v(6)?
6
Let u = 8457 - 3296. What is the hundreds digit of u?
1
Suppose -q - 340 = -14. Let g = -169 - q. What is the units digit of g?
7
Let f be 5 + 1/((-3)/(-75)). Let u = 50 - f. Suppose 3*y = -3*x + 7*x + 47, 2*y - u = -3*x. What is the units digit of y?
3
Let q = 164 + 17973. What is the ten thousands digit of q?
1
Let j = -363 + 368. Suppose j*q - 688 = 3*q. What is the tens digit of q?
4
Let n 